5606923.
833
Calculate the highest common divisor of 904 and 925029752.
904
Calculate the highest common divisor of 115391493 and 5121.
5121
What is the highest common divisor of 30600 and 21114?
306
What is the highest common divisor of 451858015 and 620?
155
Calculate the highest common factor of 29337110 and 770.
110
Calculate the highest common divisor of 127018 and 467798.
3098
What is the greatest common factor of 631785 and 420?
105
What is the highest common divisor of 336 and 23656899?
21
Calculate the greatest common divisor of 3389103 and 36.
9
Calculate the highest common factor of 737531 and 58.
1
Calculate the highest common divisor of 3735849 and 6708.
39
Calculate the highest common factor of 17236863 and 756.
63
What is the highest common factor of 20564568 and 810?
18
Calculate the highest common divisor of 6759948 and 1111364.
10196
Calculate the highest common divisor of 76491730 and 156940.
4130
Calculate the highest common factor of 1790338 and 596156.
374
What is the greatest common divisor of 144500 and 402628?
68
Calculate the highest common factor of 59681 and 19092.
37
What is the greatest common factor of 14 and 5579595?
7
Calculate the greatest common factor of 3489648 and 1192.
8
What is the greatest common divisor of 21842592 and 939360?
9888
Calculate the greatest common divisor of 29530 and 380836598.
5906
Calculate the greatest common factor of 7163828 and 98.
14
Calculate the greatest common divisor of 43268665 and 440.
55
Calculate the greatest common divisor of 10779 and 474.
3
Calculate the highest common factor of 32510549 and 1567.
1567
What is the greatest common factor of 2014716 and 3564?
132
What is the highest common divisor of 7 and 30854341?
7
What is the highest common divisor of 513 and 452271573?
513
What is the greatest common divisor of 22510887 and 1799?
1799
Calculate the greatest common divisor of 350 and 106554070.
70
Calculate the highest common factor of 12430 and 4230494.
226
Calculate the greatest common factor of 3693807 and 80041.
1703
Calculate the highest common divisor of 472 and 17111298.
118
Calculate the highest common factor of 27966 and 2305852.
158
Calculate the highest common divisor of 1880 and 37600376.
376
What is the greatest common divisor of 1234555 and 3920?
245
What is the highest common factor of 65 and 22751300?
65
What is the highest common divisor of 15 and 4295955?
15
Calculate the highest common divisor of 2590 and 96250.
70
What is the greatest common divisor of 157622927 and 67067?
5159
Calculate the greatest common factor of 273 and 569829.
39
What is the highest common factor of 288424 and 2413784?
248
Calculate the highest common divisor of 31612014 and 126.
126
Calculate the greatest common factor of 9068221 and 695.
139
What is the greatest common factor of 107653 and 55125?
49
What is the highest common factor of 268665243 and 67?
67
What is the greatest common factor of 2415 and 40280590?
805
What is the highest common divisor of 15848 and 8528488?
2264
Calculate the highest common divisor of 47907 and 8352.
9
Calculate the highest common divisor of 836 and 130492.
76
What is the greatest common divisor of 26998838 and 131?
131
What is the highest common divisor of 9213987 and 2847?
219
What is the greatest common factor of 33864300 and 50?
50
What is the highest common divisor of 1430988 and 840?
12
Calculate the greatest common factor of 22106844 and 2016684.
7668
Calculate the highest common factor of 833889480 and 1140.
1140
What is the greatest common factor of 2735502 and 42504?
462
What is the greatest common divisor of 182028 and 21340?
44
What is the greatest common divisor of 3473956 and 68?
4
Calculate the highest common factor of 84210 and 8146716.
2406
Calculate the highest common factor of 89152539 and 21.
21
What is the greatest common divisor of 8775000 and 27?
27
Calculate the highest common divisor of 11273591 and 7.
7
Calculate the greatest common factor of 61605 and 3358305.
1665
What is the greatest common factor of 6591 and 4420364?
2197
Calculate the greatest common factor of 320 and 750755.
5
Calculate the greatest common factor of 24 and 158643816.
24
What is the greatest common divisor of 1592 and 31978504?
1592
What is the highest common factor of 3 and 38234233?
1
What is the highest common divisor of 4840 and 127946368?
968
What is the greatest common factor of 17642856 and 3096?
24
Calculate the greatest common divisor of 19026 and 31556.
14
Calculate the greatest common factor of 4763976 and 2744.
392
What is the highest common factor of 12667325 and 75?
25
What is the highest common factor of 27 and 1964764?
1
What is the greatest common factor of 9330 and 100319270?
3110
What is the greatest common divisor of 6572648 and 1570?
314
What is the highest common factor of 592 and 1285565?
37
Calculate the greatest common divisor of 6660 and 12952405.
185
Calculate the highest common factor of 606 and 73392357.
303
Calculate the highest common divisor of 3 and 10721421.
3
Calculate the highest common factor of 5375 and 10709365.
215
What is the highest common factor of 456322 and 4438?
2
Calculate the greatest common factor of 8040 and 2991792.
24
What is the greatest common divisor of 60114322 and 853?
853
Calculate the greatest common divisor of 80 and 200760320.
80
What is the highest common divisor of 2025874240 and 832?
832
What is the greatest common divisor of 78702 and 3133?
13
What is the highest common factor of 43193 and 363263?
47
Calculate the highest common divisor of 2900 and 859400.
100
What is the highest common divisor of 2648 and 12808?
8
Calculate the highest common factor of 89529368 and 8968.
152
What is the greatest common factor of 173655 and 17295?
15
Calculate the greatest common factor of 1060 and 10352520.
20
What is the greatest common factor of 76 and 56907698?
38
What is the highest common divisor of 2562 and 206973?
183
What is the highest common divisor of 2853 and 39419?
1
What is the greatest common divisor of 226772 and 119?
7
What is the greatest common factor of 23740 and 43986659?
1187
What is the greatest common factor of 306 and 4151298?
102
What is the greatest common factor of 81 and 11496033?
27
What is the greatest common divisor of 165072 and 38988?
228
What is the highest common factor of 2701 and 147196397?
2701
What is the greatest common divisor of 95055738 and 888?
222
What is the greatest common factor of 104404 and 1165644?
172
What is the greatest common factor of 10027812 and 7208?
212
What is the greatest common divisor of 69556816 and 224?
112
Calculate the highest common factor of 16817056 and 736.
32
What is the highest common divisor of 7501684 and 97588?
3148
Calculate the highest common divisor of 135714663 and 1026.
513
Calculate the greatest common divisor of 12232 and 4375998.
3058
What is the highest common divisor of 6324010 and 8022?
2674
Calculate the highest common divisor of 1432 and 72686888.
1432
What is the highest common factor of 107941 and 29?
1
Calculate the greatest common divisor of 6957142 and 86.
86
Calculate the highest common factor of 6962952 and 12042.
1338
What is the highest common divisor of 166 and 18928067?
83
What is the greatest common factor of 1001706 and 12?
6
Calculate the highest common factor of 2232 and 77576.
8
Calculate the highest common factor of 3240 and 35726670.
810
Calculate the highest common factor of 237941 and 40449.
97
Calculate the greatest common factor of 1216423 and 257491.
8879
Calculate the highest common factor of 88038702 and 18.
18
Calculate the greatest common factor of 1439466 and 420.
42
What is the greatest common divisor of 7830500 and 5260?
20
Calculate the highest common factor of 85244 and 364408.
404
Calculate the greatest common factor of 6860441 and 196.
49
Calculate the greatest common divisor of 3841464 and 21351.
33
What is the highest common factor of 16046826 and 97088?
3034
Calculate the highest common divisor of 7 and 479466.
1
What is the greatest common factor of 26147310 and 2670?
2670
Calculate the greatest common factor of 1694223 and 36549.
1179
What is the highest common factor of 33 and 1487496131?
11
What is the greatest common factor of 16189993 and 2?
1
Calculate the gre